{"id":41,"date":"2013-11-24T10:42:19","date_gmt":"2013-11-24T10:42:19","guid":{"rendered":"http:\/\/tagesmutter-breckerfeld.de\/?page_id=41"},"modified":"2017-02-18T17:45:35","modified_gmt":"2017-02-18T17:45:35","slug":"impressum","status":"publish","type":"page","link":"https:\/\/tagesmutter-breckerfeld.de\/?page_id=41","title":{"rendered":"Impressum"},"content":{"rendered":"<p><strong>Angaben gem\u00e4\u00df \u00a7 5 TMG<\/strong><\/p>\n<p>Bianca Wippermann<br \/>\nWenkenburgstr.9<br \/>\n58339 Breckerfeld<\/p>\n<p>Kontakt:<br \/>\nTel. 02338\/3338<br \/>\ne-mail: bianca.wippermann@gmx.de<\/p>\n<p>Steuernummer:341\/5171\/0043<\/p>\n<p><strong>Verantwortlich f\u00fcr den Inhalt nach \u00a7 55 Abs. 2 RStV:<\/strong><br \/>\nBianca Wippermann<\/p>\n<hr \/>\n<p><strong>Datenschutz<\/strong><\/p>\n<p>Die Nutzung unserer Webseite ist in der Regel ohne Angabe personenbezogener Daten m\u00f6glich. Soweit auf unseren Seiten personenbezogene Daten (beispielsweise Name, Anschrift oder eMail-Adressen) erhoben werden, erfolgt dies, soweit m\u00f6glich, stets auf freiwilliger Basis. Diese Daten werden ohne Ihre ausdr\u00fcckliche Zustimmung nicht an Dritte weitergegeben.<\/p>\n<p>Wir weisen darauf hin, dass die Daten\u00fcbertragung im Internet (z.B. bei der Kommunikation per E-Mail) Sicherheitsl\u00fccken aufweisen kann. Ein l\u00fcckenloser Schutz der Daten vor dem Zugriff durch Dritte ist nicht m\u00f6glich.<\/p>\n<p>Der Nutzung von im Rahmen der Impressumspflicht ver\u00f6ffentlichten Kontaktdaten durch Dritte zur \u00dcbersendung von nicht ausdr\u00fccklich angeforderter Werbung und Informationsmaterialien wird hiermit ausdr\u00fccklich widersprochen. Die Betreiber der Seiten behalten sich ausdr\u00fccklich rechtliche Schritte im Falle der unverlangten Zusendung von Werbeinformationen, etwa durch Spam-Mails, vor.<\/p>\n<hr \/>\n<p>Haftungsausschluss:<\/p>\n<p>Wir \u00fcbernehmen keine Haftung f\u00fcr Handlungen, die auf Grundlage der auf diesen Seiten enthaltenen Informationsmaterialien unternommen werden. Wir \u00fcbernehmen ebenfalls keine Gew\u00e4hr f\u00fcr die Aktualit\u00e4t, Richtigkeit und Vollst\u00e4ndigkeit der auf diesen Web-Seiten bereitgestellten Informationen.<\/p>\n<p>Die gilt auch f\u00fcr alle Seiten, auf die direkt oder indirekt von diesen Seiten aus per Link verwiesen wird.<\/p>\n<p>Alle genannten Marken und Produkte sind Warenzeichen oder eingetragene Markenzeichen der entsprechenden Unternehmen.<\/p>\n<p>Irrt\u00fcmer, Fehler und \u00c4nderungen auf allen Seiten vorbehalten.<\/p>\n","protected":false},"excerpt":{"rendered":"<p>Angaben gem\u00e4\u00df \u00a7 5 TMG Bianca Wippermann Wenkenburgstr.9 58339 Breckerfeld Kontakt: Tel. 02338\/3338 e-mail: bianca.wippermann@gmx.de Steuernummer:341\/5171\/0043 Verantwortlich f\u00fcr den Inhalt nach \u00a7 55 Abs. 2 RStV: Bianca Wippermann Datenschutz Die Nutzung unserer Webseite ist in der Regel ohne Angabe personenbezogener &hellip; <a href=\"https:\/\/tagesmutter-breckerfeld.de\/?page_id=41\">Weiterlesen <span class=\"meta-nav\">&rarr;<\/span><\/a><\/p>\n","protected":false},"author":1,"featured_media":0,"parent":0,"menu_order":0,"comment_status":"closed","ping_status":"closed","template":"","meta":{"footnotes":""},"class_list":["post-41","page","type-page","status-publish","hentry"],"_links":{"self":[{"href":"https:\/\/tagesmutter-breckerfeld.de\/index.php?rest_route=\/wp\/v2\/pages\/41","targetHints":{"allow":["GET"]}}],"collection":[{"href":"https:\/\/tagesmutter-breckerfeld.de\/index.php?rest_route=\/wp\/v2\/pages"}],"about":[{"href":"https:\/\/tagesmutter-breckerfeld.de\/index.php?rest_route=\/wp\/v2\/types\/page"}],"author":[{"embeddable":true,"href":"https:\/\/tagesmutter-breckerfeld.de\/index.php?rest_route=\/wp\/v2\/users\/1"}],"replies":[{"embeddable":true,"href":"https:\/\/tagesmutter-breckerfeld.de\/index.php?rest_route=%2Fwp%2Fv2%2Fcomments&post=41"}],"version-history":[{"count":4,"href":"https:\/\/tagesmutter-breckerfeld.de\/index.php?rest_route=\/wp\/v2\/pages\/41\/revisions"}],"predecessor-version":[{"id":56,"href":"https:\/\/tagesmutter-breckerfeld.de\/index.php?rest_route=\/wp\/v2\/pages\/41\/revisions\/56"}],"wp:attachment":[{"href":"https:\/\/tagesmutter-breckerfeld.de\/index.php?rest_route=%2Fwp%2Fv2%2Fmedia&parent=41"}],"curies":[{"name":"wp","href":"https:\/\/api.w.org\/{rel}","templated":true}]}}