{"id":2,"date":"2012-03-16T07:24:41","date_gmt":"2012-03-16T07:24:41","guid":{"rendered":"http:\/\/tagesmutter-breckerfeld.de\/?page_id=2"},"modified":"2021-01-11T07:14:54","modified_gmt":"2021-01-11T07:14:54","slug":"sample-page","status":"publish","type":"page","link":"https:\/\/tagesmutter-breckerfeld.de\/","title":{"rendered":"Tagesmutter gesucht?"},"content":{"rendered":"<p>Liebevolle Betreuung und umfangreiche Betreuungszeiten &#8211; daf\u00fcr stehe ich als qualifizierte Tagesmutter. Meine Kinderbetreuung bietet entsprechend viel Raum f\u00fcr Bewegung, zahlreiche Spielm\u00f6glichkeiten und verschiedene Kreativangebote.<\/p>\n<p>Mein Ziel ist es, jedes Kind in seiner Entwicklung optimal zu f\u00f6rdern.<\/p>\n<p>Rufen Sie mich an unter 02338\/3338 oder nutzen sie das Kontaktformular.<br \/>\nIch freue mich, Sie und Ihr Kind kennenzulernen.<\/p>\n<p>Bianca Wippermann<\/p>\n","protected":false},"excerpt":{"rendered":"<p>Liebevolle Betreuung und umfangreiche Betreuungszeiten &#8211; daf\u00fcr stehe ich als qualifizierte Tagesmutter. Meine Kinderbetreuung bietet entsprechend viel Raum f\u00fcr Bewegung, zahlreiche Spielm\u00f6glichkeiten und verschiedene Kreativangebote. Mein Ziel ist es, jedes Kind in seiner Entwicklung optimal zu f\u00f6rdern. Rufen Sie mich &hellip; <a href=\"https:\/\/tagesmutter-breckerfeld.de\/\">Weiterlesen <span class=\"meta-nav\">&rarr;<\/span><\/a><\/p>\n","protected":false},"author":1,"featured_media":0,"parent":0,"menu_order":10,"comment_status":"closed","ping_status":"closed","template":"","meta":{"footnotes":""},"class_list":["post-2","page","type-page","status-publish","hentry"],"_links":{"self":[{"href":"https:\/\/tagesmutter-breckerfeld.de\/index.php?rest_route=\/wp\/v2\/pages\/2","targetHints":{"allow":["GET"]}}],"collection":[{"href":"https:\/\/tagesmutter-breckerfeld.de\/index.php?rest_route=\/wp\/v2\/pages"}],"about":[{"href":"https:\/\/tagesmutter-breckerfeld.de\/index.php?rest_route=\/wp\/v2\/types\/page"}],"author":[{"embeddable":true,"href":"https:\/\/tagesmutter-breckerfeld.de\/index.php?rest_route=\/wp\/v2\/users\/1"}],"replies":[{"embeddable":true,"href":"https:\/\/tagesmutter-breckerfeld.de\/index.php?rest_route=%2Fwp%2Fv2%2Fcomments&post=2"}],"version-history":[{"count":9,"href":"https:\/\/tagesmutter-breckerfeld.de\/index.php?rest_route=\/wp\/v2\/pages\/2\/revisions"}],"predecessor-version":[{"id":55,"href":"https:\/\/tagesmutter-breckerfeld.de\/index.php?rest_route=\/wp\/v2\/pages\/2\/revisions\/55"}],"wp:attachment":[{"href":"https:\/\/tagesmutter-breckerfeld.de\/index.php?rest_route=%2Fwp%2Fv2%2Fmedia&parent=2"}],"curies":[{"name":"wp","href":"https:\/\/api.w.org\/{rel}","templated":true}]}}